False
Is 2494866617 a composite number?
False
Is 1022520659 composite?
True
Is 16712794639 prime?
False
Is 19738190833 a prime number?
False
Is 1029747487 a prime number?
False
Is 137608748809 prime?
False
Is 2541905897 prime?
True
Is 35237760979 composite?
False
Is 604458923 a prime number?
True
Is 145432875769 a composite number?
True
Is 52739442331 prime?
True
Is 450529721 a composite number?
False
Is 127833298357 composite?
True
Is 4125852215 a composite number?
True
Is 19642495303 prime?
False
Is 36649628297 composite?
True
Is 65588980585 composite?
True
Is 7034040883 prime?
False
Is 3728469287 prime?
True
Is 3081383 prime?
False
Is 1782661333 a composite number?
False
Is 46338053 a prime number?
True
Is 30244778059 prime?
True
Is 5372530721 a composite number?
True
Is 4285724882 composite?
True
Is 900685774 a prime number?
False
Is 4013653933 composite?
False
Is 116735903549 prime?
True
Is 16563565129 prime?
True
Is 14189112107 a prime number?
False
Is 14373054449 a prime number?
False
Is 13033101637 a composite number?
False
Is 697470227 a prime number?
True
Is 4296154829 a composite number?
True
Is 2572123805 a prime number?
False
Is 201355271791 composite?
False
Is 35279917061 a prime number?
True
Is 3290574767 prime?
False
Is 23117407867 prime?
False
Is 324675829 a prime number?
False
Is 232028312441 a composite number?
False
Is 76125433 prime?
False
Is 6206539261 a prime number?
False
Is 12771084967 a prime number?
True
Is 8758066327 prime?
False
Is 1388162057 a composite number?
True
Is 988591949 a prime number?
False
Is 35437621139 composite?
True
Is 605592851 composite?
True
Is 201958859121 composite?
True
Is 2385920297 prime?
False
Is 10876221947 a prime number?
True
Is 2521171663 composite?
True
Is 5931283947 a prime number?
False
Is 296786551 composite?
True
Is 7555471307 a prime number?
True
Is 478135379 a composite number?
False
Is 7362746383 prime?
False
Is 2027573237 a prime number?
True
Is 70583850769 composite?
False
Is 3716065183 prime?
True
Is 771724921 composite?
True
Is 10525897649 prime?
True
Is 109981305919 prime?
True
Is 18840879677 composite?
False
Is 2813223079 composite?
True
Is 495246109 a composite number?
False
Is 178308583 composite?
False
Is 355259029 composite?
False
Is 119786961137 prime?
False
Is 9998756759 a composite number?
True
Is 6416903 a composite number?
False
Is 696403199 composite?
True
Is 3284368889 prime?
True
Is 153970381 a composite number?
False
Is 7836201721 prime?
True
Is 46382167033 a composite number?
False
Is 4222932707 prime?
False
Is 34758899 composite?
True
Is 17738311 prime?
False
Is 2571086549 prime?
True
Is 2251289203 a prime number?
True
Is 226809511 composite?
True
Is 587637989 composite?
True
Is 1523369957 a prime number?
False
Is 19529904209 prime?
True
Is 28462146113 a composite number?
True
Is 6116050823 prime?
True
Is 19933525511 a prime number?
False
Is 9092630819 composite?
False
Is 27755206597 a composite number?
False
Is 7790224339 prime?
True
Is 288585222359 a composite number?
True
Is 175964239 a prime number?
False
Is 184246319 a composite number?
True
Is 26132749015 composite?
True
Is 33512123759 a composite number?
True
Is 52151667355 a prime number?
False
Is 19351103773 prime?
False
Is 25771930973 a composite number?
False
Is 67616807 composite?
False
Is 4810994931 prime?
False
Is 777096613 composite?
False
Is 634025902 a composite number?
True
Is 3569309881 a prime number?
True
Is 9436554091 composite?
True
Is 45529912733 a composite number?
False
Is 55591693 a composite number?
True
Is 936077801 a prime number?
True
Is 14682556789 a prime number?
False
Is 224692549 composite?
False
Is 893357203 a composite number?
True
Is 55657787039 composite?
True
Is 5958175459 prime?
True
Is 161594819 a prime number?
True
Is 147462643 a prime number?
True
Is 15752938909 prime?
False
Is 3579436313 a composite number?
True
Is 1886437939 prime?
False
Is 834252682 composite?
True
Is 419637791 a composite number?
True
Is 4272747539 a composite number?
True
Is 131737937 prime?
True
Is 946009193 a composite number?
True
Is 5852776369 a prime number?
False
Is 33253471087 a prime number?
True
Is 19909275101 prime?
True
Is 62563799699 composite?
False
Is 364958423 a prime number?
True
Is 1788369001 prime?
False
Is 76606409777 a prime number?
True
Is 12650740537 a prime number?
True
Is 14616663017 a composite number?
True
Is 25252940533 a prime number?
False
Is 52357638967 a prime number?
False
Is 125497582637 composite?
True
Is 3170973281 prime?
False
Is 2658385573 a composite number?
False
Is 1075231 composite?
False
Is 7313908927 composite?
True
Is 6335073061 composite?
False
Is 20861717237 composite?
False
Is 148184720749 prime?
False
Is 1746700051 a prime number?
True
Is 36802979843 a prime number?
False
Is 60878134803 prime?
False
Is 21347045351 a prime number?
False
Is 4900461061 prime?
True
Is 4669977581 a prime number?
False
Is 3959523697 composite?
False
Is 135400842221 composite?
False
Is 1120420601 a composite number?
False
Is 113828111 composite?
True
Is 6963383759 a composite number?
False
Is 2508043957 prime?
False
Is 9543451 a composite number?
False
Is 55744010009 prime?
True
Is 1831871009 prime?
True
Is 658318711 prime?
True
Is 6664514959 a prime number?
True
Is 123743163 prime?
False
Is 62259809 prime?
False
Is 562496093 composite?
True
Is 11011322111 prime?
False
Is 155861167093 a composite number?
False
Is 79612564777 a composite number?
False
Is 484698937 composite?
True
Is 38595156263 a composite number?
False
Is 2755172261 composite?
True
Is 4532985649 a prime number?
True
Is 3348812143 composite?
False
Is 41564474177 composite?
False
Is 18853169719 prime?
True
Is 84717733687 a prime number?
True
Is 181872404069 composite?
False
Is 7900300283 composite?
True
Is 2579336255 a prime number?
False
Is 369356531 a prime number?
True
Is 1929031129 a composite number?
False
Is 5752968517 composite?
False
Is 62929051 composite?
False
Is 14673024073 a prime number?
True
Is 6564591739 a prime number?
True
Is 30091240997 a prime number?
True
Is 175500007 composite?
True
Is 711375779 a composite number?
False
Is 1799804002 a composite number?
True
Is 2960100887 composite?
True
Is 4173438839 prime?
True
Is 1107381461 composite?
False
Is 49504876741 prime?
False
Is 281790251 prime?
True
Is 3392268389 a composite number?
False
Is 3235614001 prime?
True
Is 1963402783 prime?
True
Is 43837111037 a prime number?
False
Is 29626502821 composite?
True
Is 2339926637 a composite number?
True
Is 377685823 a composite number?
False
Is 6524227 prime?
True
Is 709905043 a composite number?
False
Is 27461054641 a composite number?
False
Is 49954997597 prime?
True
Is 5150404177 prime?
True
Is 3205186109 a composite number?
True
Is 8979127727 composite?
True
Is 4093699289 composite?
False
Is 547872487 prime?
True
Is 100875311249 composite?
False
Is 42898403213 prime?
False
Is 9089404903 composite?
True
Is 796546757 composite?
True
Is 420123551 a prime number?
False
Is 19206472051 a prime number?
False
Is 54317636873 composite?
False
Is 2856374809 a composite number?
False
Is 143795845 a composite number?
True
Is 6012906454 prime?
False
Is 690331877 prime?
False
Is 189324087869 a prime number?
False
Is 294834587 prime?
False
Is 1787919953 a prime number?
True
Is 62845440979 prime?
True
Is 9425691683 a composite number?
True
Is 24121927343 composite?
False
Is 90937734863 prime?
True
Is 62109347227 a prime number?
True
Is 1156405099 a composite number?
True
Is 10292480047 a composite number?
False
Is 137178313 prime?
False
Is 6016612583 a composite number?
True
Is 187882339 prime?
True
Is 805857587 a prime number?
True
Is 236317751 prime?
True
Is 783811829 a prime number?
True
Is 9213586211 composite?
False
Is 2799622691 a composite number?
False
Is 57850858139 a composite number?
False
Is 2231547862 a prime number?
False
Is 498717721 a prime number?
False
Is 131705834201 prime?
True
Is 10868777771 a prime number?
True
Is 2425743917 a prime number?
True
Is 7486837091 composite?
False
Is 1959841441 a prime number?
True
Is 1163524567 a composite number?
False
Is 1710392561 a prime number?
False
Is 24807134823 composite?
True
Is 1550385985 a composite number?
True
Is 8673118931 composite?
Fals